{"id":741,"date":"2021-06-01T17:28:20","date_gmt":"2021-06-01T15:28:20","guid":{"rendered":"https:\/\/hundemuk.de\/?page_id=741"},"modified":"2024-04-17T13:36:10","modified_gmt":"2024-04-17T11:36:10","slug":"jennifer-matthes","status":"publish","type":"page","link":"https:\/\/hundemuk.de\/?page_id=741","title":{"rendered":"Jennifer Matthes"},"content":{"rendered":"\n<p>Als gelernte <strong>Tiermedizinische Fachangestellte<\/strong> ist Jennifer Matthes eine Therapeutin, die viele wichtige Grundlagen f\u00fcr den Beruf der Tierphysiotherapeutin mitbringt. Der richtige Umgang mit Mensch und Tier, sowie das medizinische Fachwissen auch in anderen Bereichen der Tiermedizin zeichnen zus\u00e4tzlich ihr K\u00f6nnen aus.<\/p>\n\n\n\n<p>Mit Ihrer Zwillingsschwester entschied sie sich f\u00fcr die weitere Qualifizierung zur <strong>Tierphysiotherapeutin <\/strong>und <strong>Tierheilpraktikerin<\/strong>.<\/p>\n\n\n\n<p>Chronik:<\/p>\n\n\n\n<figure class=\"wp-block-table aligncenter\"><table><tbody><tr><td>2014-2016<\/td><td>Ausbildung zur Tiermedizinischen Fachangestellten<\/td><\/tr><tr><td>seit 2016<\/td><td>Anstellung als Tiermedizinischen Fachangestellte in der Tierarztpraxis Dr. Timon Fischer<\/td><\/tr><tr><td>ab 2019<\/td><td>Ausbildung an der ATM (Akademie f\u00fcr Tiernaturheilkunde)<\/td><\/tr><tr><td>03-08\/2023<\/td><td>Weiterbildung Block \"Theo\" bei der Tierphysiothek<br>(Manuelle Therapien, Gangbildanalyse und Untersuchungsg\u00e4nge, lebende Anatomie)<\/td><\/tr><tr><td>seit 05\/2023<\/td><td>Anstellung bei Hundemuk als Tierphysiotherapeutin<\/td><\/tr><tr><td><\/td><td><\/td><\/tr><tr><td><\/td><td><\/td><\/tr><\/tbody><\/table><\/figure>\n","protected":false},"excerpt":{"rendered":"<p>Als gelernte Tiermedizinische Fachangestellte ist Jennifer Matthes eine Therapeutin, die viele wichtige Grundlagen f\u00fcr den Beruf der Tierphysiotherapeutin mitbringt. Der richtige Umgang mit Mensch und Tier, sowie das medizinische Fachwissen auch in anderen Bereichen der Tiermedizin zeichnen zus\u00e4tzlich ihr K\u00f6nnen aus. Mit Ihrer Zwillingsschwester entschied sie sich f\u00fcr die weitere Qualifizierung zur Tierphysiotherapeutin und Tierheilpraktikerin. [&hellip;]<\/p>\n","protected":false},"author":2,"featured_media":0,"parent":0,"menu_order":0,"comment_status":"closed","ping_status":"closed","template":"","meta":{"footnotes":""},"_links":{"self":[{"href":"https:\/\/hundemuk.de\/index.php?rest_route=\/wp\/v2\/pages\/741"}],"collection":[{"href":"https:\/\/hundemuk.de\/index.php?rest_route=\/wp\/v2\/pages"}],"about":[{"href":"https:\/\/hundemuk.de\/index.php?rest_route=\/wp\/v2\/types\/page"}],"author":[{"embeddable":true,"href":"https:\/\/hundemuk.de\/index.php?rest_route=\/wp\/v2\/users\/2"}],"replies":[{"embeddable":true,"href":"https:\/\/hundemuk.de\/index.php?rest_route=%2Fwp%2Fv2%2Fcomments&post=741"}],"version-history":[{"count":12,"href":"https:\/\/hundemuk.de\/index.php?rest_route=\/wp\/v2\/pages\/741\/revisions"}],"predecessor-version":[{"id":1044,"href":"https:\/\/hundemuk.de\/index.php?rest_route=\/wp\/v2\/pages\/741\/revisions\/1044"}],"wp:attachment":[{"href":"https:\/\/hundemuk.de\/index.php?rest_route=%2Fwp%2Fv2%2Fmedia&parent=741"}],"curies":[{"name":"wp","href":"https:\/\/api.w.org\/{rel}","templated":true}]}}